(-3)/(-2))/(3/102). Suppose o - 39 = b. Let p(r) = -r**3 - 3*r**2 + 2*r + 2. Let u be p(-4). What is the greatest common divisor of o and u?
10
Let s(p) = -11*p + 12*p - 2*p**2 + p**3 + 2 + 0. Let l be s(3). Let k = l - -4. Calculate the highest common divisor of 9 and k.
9
Suppose q - 87 = 25. Let d be (-21)/3 - (0 + -1). Let f be (-95)/d + (-6)/(-36). What is the highest common divisor of f and q?
16
Let w = -202 - -220. What is the greatest common factor of 162 and w?
18
Suppose 26 = 5*w - 3*y, 3*w - 8*w + 5*y = -30. Suppose 0 = w*l - 14 - 6. What is the greatest common divisor of 55 and l?
5
Suppose -740 = -14*f + 240. Calculate the greatest common factor of f and 28.
14
Suppose 0 = -24*a - a + 375. What is the greatest common factor of 25 and a?
5
Let p = -2134 + 2334. Calculate the highest common divisor of p and 325.
25
Suppose 18*d = -a + 23*d - 13, -a - 4*d + 32 = 0. What is the highest common divisor of a and 80?
4
Let u(w) = w - 2. Let k be u(3). Let s be 0 + k - 2/2. Suppose s = o - 4 - 5. Calculate the greatest common divisor of 6 and o.
3
Let v be (8/24)/((-2)/(-12)). Suppose v*u = -3*u + 20. Suppose 5*f + 4*w = w + 188, -w - 164 = -u*f. What is the greatest common factor of 60 and f?
20
Suppose -27*x = -2598 + 6. What is the highest common factor of 60 and x?
12
Suppose 5*r - p = -201, 2*p + 73 = -4*r - 99. Suppose f = 3*q - 41, 2*q = -5*f + 11 + 22. Let b = q - r. Calculate the highest common divisor of 22 and b.
11
Let v be ((-13)/3)/((-39)/6435). What is the greatest common divisor of 55 and v?
55
Let y = -934 + 959. What is the highest common divisor of 5 and y?
5
Suppose -61*x + 184 = 2 - 306. Let n be 6 - (2 + -1 + 0). Suppose 3*y + 13 = 2*r, 5*y - 3*y - 42 = -n*r. Calculate the greatest common divisor of r and x.
8
Suppose 9 = 2*f - 1. Let a(m) = 8*m - 26. Let g be a(f). Calculate the highest common factor of 21 and g.
7
Suppose 16*g - 4*q - 844 = 14*g, 848 = 2*g - 5*q. What is the highest common factor of 46 and g?
46
Suppose -15*u = -23*u + 448. What is the highest common divisor of u and 72?
8
Suppose 3*u - 5*r = 80, 3*u - 18 - 60 = 3*r. Let i = 5 - 0. Suppose 18 - 143 = -i*v. Calculate the greatest common divisor of u and v.
25
Let h be 1 - (-1 + -6) - 4. Suppose 10 = 4*m - 22. Suppose 2*d = d + m. What is the greatest common divisor of h and d?
4
Suppose -3*k - 2*n + 8240 = 0, 9*k - 3*n - 8265 = 6*k. What is the highest common factor of k and 22?
22
Let a(u) = -2*u**3 - 5*u**2 + 4*u + 3. Let t be a(-4). Calculate the greatest common factor of t and 455.
35
Suppose -15*b - 2208 = -6048. What is the highest common divisor of 48 and b?
16
Let a = -160 - -34. Let i be (-201)/(-7) - 36/a. What is the greatest common divisor of i and 319?
29
Let t = -18 + 13. Let v(i) = i**2 - 6*i - 7. Let f be v(t). What is the greatest common divisor of f and 8?
8
Suppose 56 = 4*i - 120. Suppose 9*z + 2*z - i = 0. Calculate the greatest common divisor of z and 44.
4
Let h be -10 - (-20 + 14) - -6. Let n(a) = a**3 + 6*a**2 - 3*a + 8. Let r be n(-6). What is the highest common divisor of h and r?
2
Let v = -154 - -224. Suppose -4*r + 87 = -5*d, -4*r = d - 4*d - 97. Calculate the greatest common factor of r and v.
14
Let l(o) = o - 24. Let r be l(0). Let y = r - -44. Suppose -248 = -4*h + 4*d, -6*h = -2*h + 2*d - 236. Calculate the greatest common divisor of y and h.
20
Let o(x) = x**2 - x. Let b be o(-3). Let q = 6 - 7. Let v be (-2)/(-1) + (9 - q). Calculate the highest common factor of v and b.
12
Let u be (-26)/(0/1 - 2). Let c = 4 + -4. Let b be (4 + -2 - c)*13. Calculate the highest common divisor of u and b.
13
Let n = -190 - -216. What is the highest common divisor of 962 and n?
26
Suppose 4*d = z + 3, -3*z = -d + 3 - 5. Suppose -4*f = -j - d, 2*j - 5 = 5*f + 5. Calculate the greatest common factor of j and 10.
5
Let b(j) = 3*j**2 - 4*j - 8. Let o be b(-2). Suppose 16 = r + r. What is the highest common factor of o and r?
4
Let z be -4*(8/(-10) + 12/40). Suppose 0*m - 4 = x - 2*m, -z*x = -2*m. Calculate the greatest common factor of 20 and x.
4
Let n(s) = -4*s + 4. Let x be n(10). Let g be (-14)/4*x/63. Suppose d - v - v - 21 = 0, g*v + 36 = 2*d. What is the highest common factor of 165 and d?
15
Let n be (5 - 3) + 56/2. Suppose n = -0*u + 5*u. Suppose -u*q + 12 = -30. Calculate the greatest common divisor of q and 21.
7
Let o = 1153 + -1145. What is the greatest common factor of o and 2?
2
Suppose 165 = -7*g - 234. Let b = -37 - g. Let s = -10 + 15. Calculate the highest common factor of s and b.
5
Let p be 1 - -2*642/12. Calculate the highest common factor of p and 24.
12
Suppose 5*b = 2*b + 315. Suppose 89 + 109 = 3*w. Let d = b - w. Calculate the greatest common factor of 13 and d.
13
Let b = 1 - -1. Suppose 3*y + 26 = 4*z, b*y = 7*y + 10. Suppose -100 = -z*p - 4*l, 2*l + 63 = 2*p - l. What is the greatest common divisor of p and 48?
24
Let y be (-11)/33*(1 - 4). Let g be (-1*13)/(y/(-5)). Suppose 4*x = -3*s + 95, -5*s = 5*x - 0*s - 115. What is the greatest common divisor of g and x?
13
Let n be 32*5/10 + 1. Suppose -j = -o - 0*j + 122, 0 = -5*o - 3*j + 586. What is the highest common factor of n and o?
17
Suppose 3*x = 8*x - 675. Let s(u) = -2*u**3 + 6*u**2 + 16*u + 7. Let w be s(-2). What is the highest common divisor of w and x?
15
Let n be 0 + 306/2 + 122 + -120. Calculate the highest common divisor of n and 124.
31
Let y(k) = -k**2 + 27*k + 52. Let m be y(28). Suppose 0 = 5*s - 5, -3*d + 3*s + 165 = -d. What is the highest common factor of m and d?
12
Let w be 1/(((-24)/30)/(-126 - -2)). Calculate the greatest common factor of w and 60.
5
Let j be (32/(-16))/((-3)/105). What is the highest common factor of 630 and j?
70
Let w(n) = -4*n - 35. Let s be w(-10). Suppose -36 = -5*z - i - 0*i, -i - 34 = -s*z. What is the greatest common divisor of z and 14?
7
Suppose 3*i - 8*i + 90 = 0. Let g = 25 - i. Let j be 212/10 - (-1)/(-5). Calculate the highest common divisor of g and j.
7
Let u = -15 + 20. Let v(d) = -d**2 + 6*d - 2. Let s be v(u). Suppose 60 + 54 = s*q. Calculate the greatest common divisor of 19 and q.
19
Let h = 94 - 82. What is the greatest common factor of 9 and h?
3
Let l be -6*1 + -7 + 6 + 1217. Calculate the greatest common factor of 10 and l.
10
Suppose -48*d = -41*d - 315. Calculate the greatest common factor of 95 and d.
5
Let r(o) = 19*o**2 - 147*o + 36. Let y be r(12). Calculate the greatest common divisor of y and 18.
18
Suppose 27*p - 620 = -4*s + 29*p, 2*s - 310 = -3*p. What is the highest common divisor of s and 248?
31
Suppose 12 = d - 3. Suppose -3*p + 15 = -d. Let i be (-28)/p*(-5 + 0). Calculate the greatest common divisor of i and 21.
7
Let j(z) = -77*z - 27. Let d be j(-3). What is the greatest common divisor of d and 60?
12
Suppose 3*n + 40 = -11. Let r = 57 + n. What is the highest common divisor of r and 20?
20
Let z be (-404 - 1)/(2 + -3). Let w(j) = 12*j + 249. Let t be w(-17). What is the highest common factor of t and z?
45
Let l be 72/(-4)*(-8)/6. Suppose j - 4*j - l = 0. Let y = 20 + j. Calculate the highest common divisor of 132 and y.
12
Suppose -6*o = o - 28. Suppose 5*p = -2*a + 14 + 14, -o*a + 68 = 4*p. Calculate the greatest common divisor of a and 209.
19
Suppose 7*r = -2*d + 8*r + 68, 5*d - 5*r = 160. What is the greatest common factor of d and 684?
36
Let y(f) = -f**3 + 6*f**2 - 4*f - 1. Let h be y(4). Suppose -22*i + 20*i = -5*k + 675, 1350 = 10*k - i. What is the greatest common factor of h and k?
15
Suppose -3*c + 21 = 6, 0 = -z + 4*c - 10. Suppose -3*y + 7 = -8. Suppose -102 = -w + 4*t, y*w - 544 = -t + 4*t. What is the highest common factor of w and z?
10
Let g = 49 + -47. Suppose -5*o - 7 = -3*n + 36, -g*n - 2*o = -18. Calculate the highest common factor of 99 and n.
11
Suppose 80*p - 79*p = 84. Suppose 303 = 4*w - 3*q + p, -3*w = -4*q - 166. Calculate the highest common factor of 378 and w.
54
Let i be (-3)/(-2)*2 + (-52 - -110). What is the greatest common factor of 1464 and i?
61
Let d = 4 - -211. Calculate the highest common divisor of 43 and d.
43
Suppose 2046 + 1022 = 4*j. What is the highest common factor of 13 and j?
13
Let c = -175 - -199. Suppose 60 = -19*f + c*f. Suppose 0*q - 4*q + 12 = 0. What is the greatest common factor of q and f?
3
Let w be 13209/204 